uppose z - c = -3*z. Is z a prime number?
False
Let b be (1 - 1)/4 + 11. Let j(f) = f - 10. Let z be j(b). Is (-2)/(-4)*74/z composite?
False
Suppose 0 = -6*z + 11*z. Suppose 639 = 2*u - 0*u + k, 2*u - 3*k - 651 = z. Is u a prime number?
False
Suppose 12 = -5*t - 83. Let h = t + 22. Suppose 0 = -4*n - i - 4*i + 363, -266 = -h*n - 5*i. Is n prime?
True
Let b be 1 - (4 + -12)*8. Let x = -11 + b. Suppose 2*k - 164 = x. Is k prime?
True
Let w be (0 - (4 - 1))/((-3)/(-2)). Is w/(-8) - (-47128)/32 a composite number?
True
Let o = 85670 + -2649. Is o a prime number?
False
Let o be -2 + 2 + -1 + 6. Suppose 3*g = -2*a + o*a - 6666, 3*a - 6669 = 4*g. Is a a prime number?
False
Suppose 7*b - 2*q - 1973 = 2*b, -2*q = b - 397. Let j = 1646 + b. Is j composite?
True
Suppose 4*t - 24 = -4*t. Suppose p + 13682 = t*p. Is p composite?
False
Let a(o) = 27*o**2 - 24*o + 28. Is a(-15) prime?
False
Let p be -6*(-2)/4 + -1. Let b be (-102)/(-14) - p/7. Suppose -b*j = -3*j - 348. Is j prime?
False
Suppose 3*c = 2*b + 248263, -3*c + 26*b = 21*b - 248251. Is c a composite number?
False
Suppose 2*p - 2*h - 18 = 0, -p - 5*h = 2*p + 13. Suppose 0 = -p*r + 3481 - 941. Is r prime?
False
Suppose -2*s + 2*w = 2, 2 + 2 = -3*s + 4*w. Suppose s = -3*p - 9, -4*t - 2*p + 449 = 99. Is t prime?
True
Suppose 11 - 2 = 3*s, -y = -2*s + 6. Suppose y = -2*v - 2*v + 1796. Is v prime?
True
Suppose 0 = 65*m - 66*m - 451. Let n = m - -860. Is n a prime number?
True
Let x(s) = -s**2 - 6*s - 3. Let w be x(-4). Suppose w*j + 4385 = 6*j. Is j prime?
False
Let o(u) = -u - 9. Let c be o(-11). Let x(q) = -2*q**2 + 4*q - 2. Let g be x(c). Is 97/(2*(-1)/g) composite?
False
Let d(g) = -2*g**2 - 4*g + 9. Let t be d(-7). Let l = t - -180. Is l composite?
True
Suppose -2*f = -3*f + 1. Is f/(-8) + (-13761)/(-72) a prime number?
True
Suppose -c = 3*c. Suppose c = 35*z - 36*z + 2. Let v(i) = 19*i**3 + 4*i**2 - 3*i + 1. Is v(z) prime?
True
Is (-1263 - -6)*(-1)/3*1 composite?
False
Suppose 3*f = 7*f - 20. Suppose -5*k - f*m + 35 = 0, -2*k - 10 = -4*m + 6. Suppose 3*n = -y + 17, 0 = -4*n + k*n - 3*y + 2. Is n composite?
False
Let o(i) = -i**2 - 5*i - 2. Let m be o(-4). Suppose 0 = -5*c - m*v + 337, -3*c + c - v + 135 = 0. Is c a prime number?
True
Suppose 9*g + 2892 = 13*g. Suppose 222 - g = -4*w + 5*z, w + z - 114 = 0. Is w composite?
True
Suppose 0*p = -3*p - 4*q + 1284, -3*q = 3*p - 1281. Let h = -15 + p. Is h a prime number?
True
Suppose 0 = 567*g - 566*g - 5. Suppose 7*i - 2*i + 2*o = 282, -5*o + 5 = 0. Suppose 4*b + 361 = 3*p, 0 = -p + g*b + i + 57. Is p composite?
True
Suppose -u + 3*i + 11 = 0, -13 = 3*u - 2*u + 5*i. Is u - (1 + -39) - 3 a prime number?
True
Suppose -3*p = 5*t + p - 15, 4*t = -5*p + 12. Let y(q) = 45*q - q**2 + 44*q + q**3 - 2 + 42*q - 129*q. Is y(t) a composite number?
True
Suppose 186 = 4*z + n, -102 = 2*z - 4*z - 5*n. Let v = 189 + z. Is v prime?
False
Let i(g) = g**3 - 17*g**2 - g + 15. Let x be i(17). Is x/(-1) - 6504/(-8) composite?
True
Let v = 42 - 35. Suppose -v*u = -4*u - 75. Is u a composite number?
True
Let t = 23 - 20. Suppose 0 = -t*q + 667 + 212. Is q a composite number?
False
Let b(h) = -2*h**3 - 5*h**2 - 5*h - 5. Let d be 50/(-25) - (0 + 1 - 0). Is b(d) a prime number?
True
Let p = -906 - -643. Is (p/(-4))/(2/8) a prime number?
True
Let h = -4 + 5. Let a be h/(-5) - (-16)/5. Suppose 2*b = -2*c + 108, 0 = -c - 2*b - a*b + 42. Is c composite?
True
Suppose p + 46 = 3*a - 0, -5*p + 26 = a. Suppose -a = 5*w - 6, -2*o - 5*w + 244 = 0. Is o a composite number?
False
Let a be -7 + 5 - (0 - 3). Let j = 5 + a. Is (-525)/(-6) + 9/j a prime number?
True
Let f = 2234 + -1097. Suppose 3*t = 6*t - f. Suppose -a + 2*a + 3*m = 379, a + 5*m - t = 0. Is a a composite number?
False
Let m(z) = 151*z**2 - 5*z + 37. Is m(-10) a prime number?
True
Let i(v) = -v**3 - 4*v**2 + 6*v + 8. Let s(p) = p**2 + 19*p - 25. Let g be s(-20). Let y be i(g). Suppose 392 = -y*u + 1565. Is u a prime number?
False
Suppose -2*z - 3*f = -18471 + 6479, -3*f = 6. Is z a prime number?
False
Let w = -974 - -221. Let r = 1574 + w. Is r composite?
False
Let q(w) = -w**3 - 5*w**2 + 4*w - 7. Let j be q(-6). Suppose -1115 = j*p + 5*r, -2*p + 7*p = 4*r - 1160. Let m = -115 - p. Is m a composite number?
False
Suppose -3*k + 2*k - 1188 = 2*l, 0 = -3*k - l - 3584. Let y = k - -1753. Is y a prime number?
True
Let u(w) = -w**2 - 2*w - 28. Let s be u(14). Let o = 1549 - s. Is o composite?
False
Let x(z) = 31787*z**2 + 15*z + 2. Is x(-1) a composite number?
True
Let t(v) be the third derivative of v**6/24 + v**5/15 - v**4/8 + 3*v**3/2 + 2*v**2 - 49. Suppose 0*y = 2*y - 8. Is t(y) a prime number?
False
Let s = 81 - 78. Suppose 5*r + 2201 = 2*k, -s*r + 2203 = 2*k - 6*r. Is k composite?
False
Suppose -663 - 90 = -3*i. Is i a prime number?
True
Let a = 740 + -187. Is a a prime number?
False
Let n = 342 + 393. Suppose -5*t + 275 = n. Is (t/(-8))/((-2)/(-4)) a prime number?
True
Suppose 16*r = 164907 + 331333. Is r prime?
False
Is (-2)/((72/4780170)/(2/(-5))) a prime number?
True
Let i be 0 + -2 - -5 - 2. Let v = 5 + i. Suppose 7788 = v*a + 1926. Is a a composite number?
False
Suppose 0 = -2*k + 6, -2*w = -8*k + 6*k - 8248. Is w a composite number?
False
Let w = 265 + 856. Is w a composite number?
True
Let f be 5*2*(-3)/(-6). Let s(x) = -23*x + 17*x + x**2 + 7 + f*x**2. Is s(7) composite?
True
Is -6 + -1 + 693 + -5 a prime number?
False
Let k be 5078 + 0 + ((-1)/(-1) - 4). Suppose 3*i = k - 110. Is i prime?
False
Let v be (-40 + 4)*588/(-9). Suppose -8*k = -11*k + v. Suppose -k = -4*p - 4*n, 2*p = 3*p + 5*n - 184. Is p prime?
True
Is (2 - -2)*(-452)/(-16) prime?
True
Let p(q) = -3*q**2 - 5*q - 5. Let m be p(-5). Let g = 642 + m. Is g a prime number?
True
Suppose -y - 8*y = -20646. Let r = y + -321. Is r a prime number?
True
Let n = -74 - -75. Let g(h) = 892*h**2 + 1. Is g(n) composite?
True
Suppose -4*u = -10*u + 30. Suppose -190 = -3*d + 3*f + 2*f, u*d + 3*f - 260 = 0. Is d composite?
True
Let d = -509 - -275. Let a = d + 913. Is a a composite number?
True
Let k be (27/12)/((-9)/24). Let i be k/5*(-10)/(-4). Is (i - -1)*(-155)/10 prime?
True
Suppose -k + 6*k = 15. Let d be ((-75)/(-2))/5*6. Suppose 7*s = -k*w + 4*s + 111, w - 3*s - d = 0. Is w a prime number?
False
Suppose h = 2*t + 14567, -4*h + 17*t - 12*t + 58268 = 0. Is h composite?
True
Suppose 2*p + 302 = -2*y + 4170, -p = -2*y + 3883. Is y prime?
False
Let i(c) = 2*c**3 - 7*c**2 - 15*c + 34. Is i(12) prime?
False
Let g be ((-6852)/(-24))/((-2)/(-12)). Suppose -2*o + 41 = -g. Is o a prime number?
True
Let c(g) = 9*g**2 - 21*g + 1. Let o(r) = r**3 - 5*r**2 + 13*r - 4. Let u be o(2). Is c(u) a composite number?
False
Let a(h) = 9*h**3 - h**2 - 5*h - 12. Let n be a(5). Suppose 4*j + n = 3*i, 5*j - 257 = 2*i - 954. Is i a prime number?
False
Let v = 13099 + -7244. Suppose -2*d + 7*d = v. Is d composite?
False
Suppose 4*i = -3*r + 19397, 14*i = -4*r + 13*i + 25854. Is r composite?
True
Let f be (-5 + 6)*6 + -2. Let c(t) = 4*t**3 - 2*t**2 + 7*t - 5. Is c(f) composite?
True
Let t(b) = -101*b**3 - 4*b**2 + b - 5. Is t(-5) composite?
True
Suppose 2*g + 31059 = 3*g - 2*t, g = -2*t + 31079. Is g a composite number?
False
Let p(x) = 8*x**2 - 20*x - 103. Is p(-41) prime?
False
Is ((-290)/(-348))/((-2)/(-996)) a prime number?
False
Let q be (-5 + 9)/(0 + 2 + 0). Suppose -q*t = -2*i + 1920, -3*i + 5*t + 3052 - 174 = 0. Is i prime?
False
Suppose 4*u + 11138 = 2*t, -5*t + 2*t + 16707 = 5*u. Is t prime?
True
Let b be ((-3)/(-2))/((-23)/20 + 1). Is 4/b - (-13614)/10 composite?
False
Let r(o) be the first derivative of -o**2 - 4 + 3*o - 1/4*o**4 - o**3. Is r(-3) composite?
True
Let k = -36 + 6. Is (-6354)/(-10) + 4/k*3 prime?
False
Let s = 386 - 272. Suppose -448 = 4*n - o, -2*n = -4*o + s + 124. Is (-8 + 10)/((-2)/n) composite?
True
Let p = 25 - 30. Is p/(5/(-1674)) + -1 a composite number?
True
Let a(u) = u**3 + 8*u**2 - 3*u + 7. Let m(d) = d - 11. Suppose -i = 4 - 8. Let w be m(i). Is a(w) composite?
True
Suppose 2*t - 4350 = -5*q + 2319, -6677 = -2*t + 3*q. Is t composite?
True
Suppose -3*z - 2*v + 1138 = 0, 5*z + 2*v - 765 = 1133. Is z/3 + 9/27 a prime number?
True
Let s(h) = 1 + 5 + 39*h + 15 + 64*h. Is s(11) a prime number?
False
Suppose -3*m = -2*r + 14, 2*m + 6*r - 3*r = -18. Let j =